51*b**2 + 7*b - 1. Is c(-4) prime?
True
Let i(h) = 19*h**2 - 33*h + 1. Is i(-10) a prime number?
False
Is (2 - (-18205)/10) + (-7)/(-14) a prime number?
True
Let k(z) = -z - 1. Let v(r) = -r**2 - 9*r + 2. Let j(i) = 5*k(i) - v(i). Let b be j(-5). Let h(d) = -19*d**3 - 2*d**2 - 4*d - 3. Is h(b) a prime number?
True
Let h(f) = -f**2 - 5*f - 9. Let j be h(-8). Let g = -30 - j. Suppose -3566 = -4*y - 2*n, g*n = -0*y - 2*y + 1793. Is y a composite number?
True
Suppose 616 = -q + 5*q. Suppose 0 = 4*l - 4*d + 8, -3*l - 2 = l - 2*d. Is q/l + (-3 - -6) a composite number?
False
Suppose 5*m + 34868 = 261488. Is (6/(-8))/((-27)/m) a composite number?
False
Suppose -245142 = -3*r - 15*r. Is r composite?
False
Is (-10)/(0 - (3 + 2001/(-669))) a composite number?
True
Let x be -2 - (-1 - 1 - -6). Is (-2 + -1)*26/x prime?
True
Let c(k) = -61*k + 27. Let y be c(18). Let m be (296/(-6))/(2/(-69)). Let v = m + y. Is v prime?
True
Let b be (-8)/4*9/6. Let n be 2 - (-3 - (0 + b)). Suppose 111 = 2*d + c, -n*d = 3*c - 173 + 52. Is d composite?
False
Let v(y) = 232*y**2 - 7*y + 59. Is v(6) a prime number?
True
Suppose 11*g - 7*g = 0. Suppose 12*j - 14*j + 138 = g. Is j a composite number?
True
Suppose -7*j + 10*j - 9 = 0. Suppose -j*z + 6 = -z. Suppose z*u + u - 1356 = 0. Is u composite?
True
Let u(p) = 3*p**3 + 5*p**2 - 10*p + 7. Let a be u(4). Let m = 458 - a. Is m a prime number?
False
Suppose -4*a + 0 = r + 2, -5*a + 5 = 5*r. Let p be 5 + (3 - (-6)/a). Is (2/4)/(p/940) a composite number?
True
Let d be ((-33)/18 - -2) + (-3)/18. Let r(n) = -3*n**3 + n**2 - 3*n - 4. Let k be r(-3). Suppose q = -d*q + k. Is q a prime number?
False
Suppose -18 = -5*y - y. Suppose -4*g + o = -7, -3*g + 6*o = y*o + 6. Suppose x + 3845 = 3*m - x, 3847 = g*m - x. Is m composite?
False
Suppose 61*n - 86970 = 31*n. Is n a prime number?
False
Let y(s) = 10*s**3 - 11*s**2 + 16*s - 12. Let f be y(9). Suppose 1419 = 5*p - f. Let w = -1079 + p. Is w a composite number?
True
Let p be (-1)/(-2) - 15/(-6). Suppose p*x + c = 6, 2*c = 5*x - 3*c - 10. Suppose -2*h - 3*h + 2811 = u, 8 = -x*u. Is h composite?
False
Let z(t) be the second derivative of 223*t**4/12 + 75*t - 2. Suppose -3 + 4 = -b. Is z(b) prime?
True
Suppose -26*k + 6 = -20*k. Is 396 - (k - (-3 - -1)) composite?
True
Is (2*1)/(-18) - (-56980340)/639 a composite number?
True
Let q(m) = 5*m**3 - 2*m**2 + 8*m + 4. Let o be (2/1)/((-10)/(-40)). Let r(b) = 2*b**3 - b**2 + 3*b + 1. Let z(n) = o*r(n) - 3*q(n). Is z(5) a prime number?
True
Suppose -5*p + 71 + 39 = 0. Let c be (10*-1)/(4/18). Let n = p - c. Is n prime?
True
Let g(j) = 3*j + 1861. Is g(0) prime?
True
Suppose -3*t = -h + 18197, 4*t = -55 + 47. Is h a composite number?
False
Is ((-2)/4)/(-1 + 4425/4430) composite?
False
Let n(r) = -85*r**3 - r**2 - 8*r - 46. Is n(-5) prime?
False
Let u(x) = 5*x**2 + 0*x - 8*x - 4*x + 2*x + 47. Is u(-18) a prime number?
True
Suppose 0 = 5*i - i - 24. Is (-8)/24 - (-2456)/i prime?
True
Let o = 8 + -4. Let t be 0/(-2 - 4/o). Suppose -3*u + 373 + 488 = t. Is u composite?
True
Let n(i) = 38*i**2 + 5*i + 4. Let x = -6 - -3. Is n(x) a composite number?
False
Suppose -8*i + 2*i + 24 = 0. Suppose i*l + p + 0*p - 504 = 0, l - 143 = 4*p. Is l a prime number?
True
Is (-12614 - (4 - -1))*(-2 - -1) a composite number?
False
Suppose 23*v - 993666 = -139699. Is v a composite number?
True
Suppose 27*a - 12968 = 19*a. Is a composite?
False
Let j(a) = 1023*a - 7. Is j(28) prime?
False
Suppose 8*i = 9*i - 4. Is (4781/i)/((-13)/(-52)) prime?
False
Let s = -31 + 33. Suppose 3*r - s*r = 203. Is r composite?
True
Let z(g) = -g**3 + 5*g**2 + 2*g + 1. Let y be z(5). Let r(i) = 35*i + 34. Is r(y) prime?
True
Let v(j) = -j**2 - 4*j + 1. Let o be v(-3). Suppose -u + 17 = -o. Is u prime?
False
Let k(f) = f**2 - 2*f + 4. Let w be k(4). Is (-12885)/(-90) - 2/w composite?
True
Let u(h) = 6*h**3 - 14 + 23 + 7*h**2 - 4 - 2*h. Is u(6) a prime number?
False
Suppose -2*v - 6 = 4*j, 4*v = -v + 3*j + 24. Let q = v - 1. Suppose -q*h = -6*h + 476. Is h prime?
False
Let v be (-6)/10 + (-9334)/10. Let r be (-4 + -4)*v/4. Suppose -c = -5*c + r. Is c a prime number?
True
Let x(g) = 65*g**2 - 22*g - 118. Is x(-9) a composite number?
True
Suppose -3*q - 2*x - x = -12, 0 = -x + 2. Suppose -4*d - 2*k + 22 = -q, 0 = -3*k. Suppose i + 415 = d*i. Is i a prime number?
True
Is (-8)/(-60) - (-7 - (-272668)/(-15)) prime?
False
Suppose 5 - 13 = 4*y, -3*y = -4*s + 24794. Is s a prime number?
True
Let x(b) = -6*b**2 + 1. Let a be x(-1). Let h = a + 8. Is (234/(-24))/(h/(-8)) composite?
True
Suppose -5*s + 2*m + 11655 = 0, 4*s - 2680 = -5*m + 6677. Is s a composite number?
False
Suppose 6*t - 25063 = 14531. Is t composite?
False
Let k(w) = -w + 1. Let n(y) = y**3 - y**2 - 5*y - 53. Let i(m) = 6*k(m) - n(m). Is i(0) composite?
False
Suppose 5043108 = 19*p - 7*p. Is p prime?
False
Let s(v) be the second derivative of 11*v**3/6 + 14*v**2 + 2*v - 1. Suppose b - 2*b + 9 = 0. Is s(b) prime?
True
Suppose 34057 - 432317 = -20*f. Is f a composite number?
False
Suppose -4*z + 93*b - 94*b = -5, 3*b - 1 = -5*z. Let d(n) = -n - 5. Let g be d(-5). Suppose g = -z*w + 7*w - 1055. Is w a composite number?
False
Suppose 0 = 3*p + 3, -2*u - 2701 = -5*p - 10292. Is u composite?
False
Let n(c) be the third derivative of 3*c**5/4 - c**4/6 - c**3/2 + 4*c**2. Is n(-2) prime?
False
Suppose -k = -4*l + 16, 4*k = -k - 20. Suppose 2*g + l*u = 833, -5*g + 3*u = 2*u - 2040. Is g composite?
False
Let d(k) = -7*k - 13. Let h = 40 - 60. Is d(h) a prime number?
True
Let g(p) = 2*p + 12. Let z be g(-5). Suppose -2*c = 2*i - 910, -12 = z*i - 5*i. Is c a composite number?
True
Let b = 12 + 0. Let m(u) = 2*u**3 - 15*u**2 - 5*u - 28. Let i(w) = w**3 - 8*w**2 - 3*w - 14. Let n(j) = 7*i(j) - 3*m(j). Is n(b) composite?
True
Suppose -4*a - 26 - 14 = 0. Let q = a + 8. Is q/(-4)*(-2 - -32) prime?
False
Suppose 2*i = -3*c, c - 2*c + i = 0. Suppose c = w - 155 + 550. Let m = 186 - w. Is m composite?
True
Is 15346243/1414 + (-2)/28 prime?
True
Let d(l) = -1. Let f(t) = t + 5. Let y(k) = -6*d(k) - f(k). Let u be y(-2). Suppose -4*v = -5*o + 594, -u*v + 4*v - 235 = -2*o. Is o a prime number?
False
Let w be ((-6)/(-4) + (-4)/8)*467. Let c = 880 - w. Is c prime?
False
Let a(f) be the third derivative of -11*f**6/60 - f**5/20 - f**4/12 + f**3/6 + 61*f**2. Let l = 3 + -5. Is a(l) composite?
True
Let d(a) = -27*a - 15 - 14*a - 65*a. Suppose 29*g - 33*g = 16. Is d(g) a composite number?
False
Let u(b) = 5*b**3 - 12*b**2 - 11*b - 4. Let z(p) = 3*p**3 - 6*p**2 - 6*p - 2. Let g(c) = 4*u(c) - 7*z(c). Let a be (-2)/(-1)*(3 + (-75)/10). Is g(a) prime?
False
Let w be 735/4 + (-5)/(-20). Let f = 375 - w. Is f prime?
True
Let p be 1/(1*2/10). Suppose t + 22 = 2*u + 1, 5*u = p*t + 40. Is u composite?
False
Is 10/(-20)*15388/(-2) a composite number?
False
Is (-125474)/(-8) - ((-516)/48 - -10) composite?
True
Suppose -27*i + 23*i + 688 = 0. Suppose 5*c - 883 = i. Is c a composite number?
False
Let k be 16*(0 + 3/12). Suppose -1228 = -k*o + 4*n + 644, -5*n = o - 438. Is o prime?
True
Suppose 7 = 6*s - 5. Is (-6)/9 + (3262/6 - s) prime?
True
Suppose -5*y - 749 - 591 = -5*j, j - 2*y = 273. Is j composite?
False
Is -3*80/(-96) - (-68121)/2 prime?
False
Let b(s) = 3*s**3 + 13*s**2 + 4*s + 29. Let c(h) = -2*h**3 - 7*h**2 - 2*h - 14. Let k(n) = 3*b(n) + 5*c(n). Is k(-8) composite?
False
Suppose 6*i = 2141 + 7117. Is i a composite number?
False
Let b(j) = -6 - 7*j**2 + 0*j**3 - 1 + 10*j + 0*j**3 - j**3. Suppose 59 = -5*n + 14. Is b(n) composite?
True
Suppose 2*q - 27 = -5*a + 40, 64 = 5*a - q. Let v(o) = 28*o**2 - 8*o + 9. Is v(a) a prime number?
True
Let g(b) = b**3 + 5*b**2 - 6*b - 7. Let o(q) = -q + 4. Let i be -1 + 11 - (-10)/(-10). Let p be o(i). Is g(p) prime?
True
Let u(f) = -2*f - 6*f - 2*f - 3*f**3 + 2*f**3 - 1. Let q be u(7). Let t = 619 + q. Is t a composite number?
True
Let v(m) = -604*m + 5. Let h be v(1). Let g = h - -1048. Is g prime?
True
Suppose -5*d - 2065 = -6780. Is d composite?
True
Let i be 281/2*(-3 + 19). Suppose 1500 = 2*u - 0*t + 4*t, 0 = 3*u + 5*t - i. Is u composite?
True
Suppose 2*n = 3*b + 3266, -5*n + 2*b = -0*b - 8187. Is n a composite number?
True
Suppose 0*g + 266 = 2*f - 5*g, 5*f - 3*g - 684 = 0. Let a = f + 115. Is a a prime number?
False
Le